5?
6
What is the ten thousands digit of 7669033893?
3
What is the ten thousands digit of 16211527?
1
What is the ten millions digit of 495878009?
9
What is the ten millions digit of 283229168?
8
What is the tens digit of 92436699?
9
What is the hundreds digit of 38883535?
5
What is the hundreds digit of 399178947?
9
What is the thousands digit of 752432942?
2
What is the thousands digit of 1446984379?
4
What is the units digit of 1481893830?
0
What is the ten thousands digit of 32551950?
5
What is the thousands digit of 3538789745?
9
What is the hundred millions digit of 622277166?
6
What is the ten thousands digit of 1000801976?
0
What is the units digit of 1084106584?
4
What is the units digit of 41242753?
3
What is the hundred thousands digit of 153585577?
5
What is the hundred thousands digit of 17877964?
8
What is the tens digit of 284466?
6
What is the units digit of 80257140?
0
What is the ten thousands digit of 13696038?
9
What is the ten millions digit of 105684764?
0
What is the hundred thousands digit of 17315755?
3
What is the units digit of 295940810?
0
What is the hundreds digit of 254172312?
3
What is the hundred thousands digit of 171003186?
0
What is the hundred thousands digit of 1169216358?
2
What is the tens digit of 159335810?
1
What is the ten thousands digit of 4173137156?
3
What is the tens digit of 30938717?
1
What is the ten thousands digit of 13685575?
8
What is the hundred thousands digit of 20378704?
3
What is the hundred thousands digit of 1678890431?
8
What is the hundred thousands digit of 58010852?
0
What is the tens digit of 52752678?
7
What is the units digit of 748122040?
0
What is the thousands digit of 6759778616?
8
What is the ten millions digit of 57653082?
5
What is the millions digit of 69402237?
9
What is the thousands digit of 1524361020?
1
What is the ten thousands digit of 165000732?
0
What is the thousands digit of 646996078?
6
What is the units digit of 128618798?
8
What is the ten thousands digit of 556592999?
9
What is the millions digit of 67815120?
7
What is the tens digit of 214179087?
8
What is the hundred thousands digit of 86273150?
2
What is the hundreds digit of 3528883?
8
What is the ten millions digit of 706290986?
0
What is the hundreds digit of 631844143?
1
What is the ten millions digit of 1238531522?
3
What is the thousands digit of 2105791058?
1
What is the hundred thousands digit of 16299572?
2
What is the hundred millions digit of 1951092973?
9
What is the thousands digit of 293069413?
9
What is the hundreds digit of 144229955?
9
What is the hundred thousands digit of 347505028?
5
What is the tens digit of 176967134?
3
What is the millions digit of 99619670?
9
What is the thousands digit of 82269473?
9
What is the millions digit of 7239318831?
9
What is the ten millions digit of 74159110?
7
What is the hundreds digit of 33614593?
5
What is the thousands digit of 57569616?
9
What is the hundreds digit of 51016376?
3
What is the billions digit of 2443346796?
2
What is the thousands digit of 175074373?
4
What is the millions digit of 372370724?
2
What is the hundred millions digit of 112709600?
1
What is the hundreds digit of 1307700431?
4
What is the hundreds digit of 63253075?
0
What is the millions digit of 213020132?
3
What is the ten thousands digit of 112210750?
1
What is the hundreds digit of 11066740?
7
What is the ten millions digit of 77304699?
7
What is the thousands digit of 68451377?
1
What is the thousands digit of 279757397?
7
What is the thousands digit of 560080074?
0
What is the hundred millions digit of 3438371603?
4
What is the ten thousands digit of 1338877713?
7
What is the hundred millions digit of 305086925?
3
What is the millions digit of 107839195?
7
What is the millions digit of 5548737?
5
What is the hundred millions digit of 852125045?
8
What is the units digit of 522974081?
1
What is the tens digit of 123761684?
8
What is the hundred millions digit of 4718250462?
7
What is the ten thousands digit of 1616838902?
3
What is the ten thousands digit of 1484567500?
6
What is the ten thousands digit of 211184510?
8
What is the thousands digit of 1940230805?
0
What is the units digit of 265498516?
6
What is the hundreds digit of 253665329?
3
What is the hundred millions digit of 452540450?
4
What is the thousands digit of 1245935324?
5
What is the hundred millions digit of 102043396?
1
What is the hundred thousands digit of 12992019?
9
What is the hundred millions digit of 5028186385?
0
What is the thousands digit of 61798078?
8
What is the ten thousands digit of 783079990?
7
What is the hundred millions digit of 370436245?
3
What is the tens digit of 3556017?
1
What is the tens digit of 205332151?
5
What is the tens digit of 186187834?
3
What is the ten thousands digit of 55241248?
4
What is the thousands digit of 49669132?
9
What is the hundreds digit of 1830794156?
1
What is the hundred millions digit of 2596447512?
5
What is the thousands digit of 2525412541?
2
What is the ten thousands digit of 66970434?
7
What is the millions digit of 94443853?
4
What is the millions digit of 360614076?
0
What is the hundred thousands digit of 9927312?
9
What is the tens digit of 80029784?
8
What is the hundreds digit of 589833795?
7
What is the billions digit of 4026989518?
4
What is the units digit of 56119548?
8
What is the hundreds digit of 2418995957?
9
What is the hundreds digit of 151518901?
9
What is the tens digit of 5051494085?
8
What is the hundreds digit of 45497336?
3
What is the ten millions digit of 38727943?
3
What is the ten thousands digit of 4149355128?
5
What is the hundred thousands digit of 39344689?
3
What is the ten thousands digit of 11094763?
9
What is the thousands digit of 47874096?
4
What is the thousands digit of 214282903?
2
What is the millions digit of 90030242?
0
What is the units digit of 72878197?
7
What is the hundreds digit of 515296318?
3
What is the millions digit of 135010887?
5
What is the thousands digit of 43771396?
1
What is the units digit of 20616485?
5
What is the thousands digit of 173033384?
3
What is the thousands digit of 269498760?
8
What is the units digit of 207695410?
0
What is the billions digit of 6061527393?
6
What is the hundred millions digit of 584481441?
5
What is the hundreds digit of 444310631?
6
What is the thousands digit of 229757814?
7
What is the tens digit of 21952165?
6
What is the units digit of 96368572?
2
What is the ten thousands digit of 61853535?
5
What is the hundreds digit of 112168561?
5
What is the millions digit of 1517651427?
7
What is the hundreds digit of 125723523?
5
What is the hundreds digit of 83908176?
1
What is the hundred thousands digit of 101976787?
9
What is the hundred thousands digit of 91480871?
4
What is the hundreds digit of 244090636?
6
What is the thousands digit of 29699420?
9
What is the hundred thousands digit of 54479282?
4
What is the billions digit of 6470367208?
6
What is the hundred thousands digit of 198921441?
9
What is the hundreds digit of 74203785?
7
What is the hundred thousands digit of 2446001287?
0
What is the units digit of 287721846?
6
What is the millions digit of 42739115?
2
What is the thousands digit of 60244778?
4
What is the thousands digit of 410289974?
9
What is the units digit of 509425016?
6
What is the ten millions digit of 156454785?
5
What is the millions digit of 53971638?
3
What is the ten millions digit of 2958230444?
5
What is the hundreds digit of 153624695?
6
What is the units digit of 548595687?
7
What is the hundreds digit of 1372299384?
3
What is the millions digit of 26685160?
6
What is the ten thousands digit of 226273?
2
What is the hundreds digit of 970730758?
7
What is the ten millions digit of 180533785?
8
What is the hundred millions digit of 1071023541?
0
What is the units digit of 393358484?
4
What is the ten thousands digit of 8286183?
8
What is the billions digit of 4867462832?
4
What is the units digit of 5741337274?
4
What is the ten millions digit of 35207691?
3
What is the tens digit of 21676893?
9
What is the tens digit of 12164521?
2
What is the tens digit of 2403870458?
5
What is the millions digit of 177439834?
7
What is the tens digit of 214599333?
3
What is the ten millions digit of 1053477960?
5
What i